 digit of z(31)?
4
Let o be 3*2 + (-7)/((-42)/(-18)). Let l(u) = u**2 + 33 - 18*u**2 - 57 + 2*u + 7*u + u**o. What is the tens digit of l(17)?
2
Let i be (6 - -2 - 8827)*-1. Suppose -12*f + i = -8353. What is the hundreds digit of f?
4
Suppose -2*k - 193 = 3*k - 2*s, -k + 3*s - 36 = 0. Let q be (-2480)/(-104) - 6/k. Suppose 2*h = q + 26. What is the units digit of h?
5
What is the hundreds digit of (9435/(-20))/(13/260*1/(-3))?
3
Let k be 8924/(-6) - (7 + 154/(-21)). Let h = k + 2534. What is the units digit of h?
7
Let h = 34945 + -6519. What is the tens digit of h?
2
Let r(l) = 2*l**3 + 2*l**2 - l + 386. Suppose 14*u - u = -17*u. What is the tens digit of r(u)?
8
Let z = 6854 - 4527. What is the units digit of z?
7
Suppose 0 = q - 5*q + 4*d + 24, 3*q + 2*d + 2 = 0. Suppose 4*f - 5*s + 5 = 0, -q*s = -2*f + 7*f + 31. What is the tens digit of f - -3 - -4 - -97?
9
Let o = 5 - 5. Suppose 0 = 6*p + 5*p - 1034. Suppose o = 2*z - 2 - p. What is the units digit of z?
8
Let m = -65 + 67. Suppose h = -m*o + 3*h + 20, -15 = -2*o + h. Suppose -3*b + 3*k = -162, o*k + 96 = 2*b - 0*k. What is the units digit of b?
8
Suppose 566*f - 5880875 = 49*f. What is the thousands digit of f?
1
What is the units digit of ((-10)/(-35))/((-10)/(-22960))?
6
Let a be ((-15)/(-9))/((-15)/(-27)). Suppose -3*z + 51 = a*y, -z - 2*z = 5*y - 81. What is the units digit of y?
5
Suppose -2001891 + 688098 = -197*t. What is the thousands digit of t?
6
Suppose 16*v = 3*v + 39. Suppose j + 370 = 2*j + v*m, 1494 = 4*j - 2*m. What is the units digit of j?
3
Let q(z) = 1182*z + 3748. What is the tens digit of q(8)?
0
Let d(o) = -o**2 + 7*o + 10. Suppose -2*u + 16 = 2*p, 5*p + u - 40 = 3*u. Let n be d(p). Suppose -h - 4*h = j - 26, h = n*j + 3. What is the units digit of h?
5
Suppose -4*d + i + 154 = 0, -2*d + 158 = 2*d - 3*i. What is the tens digit of (95/d)/((-1)/(-238))?
9
Suppose -5*l - 4 + 34 = 0. Let c(u) = -u**3 + 6*u**2 - 4*u. Let o be c(l). Let i = o + 31. What is the units digit of i?
7
Suppose 0 = 5*o + 30 - 15, -3*y = -5*o + 6741. What is the thousands digit of (y/16)/(3/24)*-1?
1
Let a(m) = -50 - 2*m**3 + 8 - 15*m + m**3 - 2458*m**2 + 2481*m**2. What is the thousands digit of a(10)?
1
Let b(g) = 33*g**2 - 12*g + 3. Let z be b(4). What is the tens digit of (1 + z/9)/(12/18)?
8
Suppose -7*h + 7477 = t - 5*h, 37409 = 5*t + 4*h. What is the hundreds digit of t?
4
Suppose 2*c = 0, 40 = 3*l + 4*c - 26. What is the tens digit of 24/132 + (-92)/l - -340?
3
Suppose r + 5*k = 5*r + 73, -4*r - 23 = 5*k. Let b = -187 - -187. What is the units digit of 56*(b - r/14)?
8
Let q = 841 - 829. What is the tens digit of 9472/q + 21/(-63)?
8
Let k be 2718 + 1 - (-2 - -6). What is the units digit of 0 - ((-8)/(-10))/((-6)/k)?
2
Let a(p) = -p**3 - 5*p**2 + 14*p + 7. Let t be a(-7). Let q = 11 + t. Let x = q + 73. What is the units digit of x?
1
Let f(c) = -54 - 23 - 1583*c - 6 + 12. What is the tens digit of f(-1)?
1
What is the tens digit of (3 - -680)*(19 - 6)?
7
Suppose -s + 16 = 12. Suppose s*z - 51 = 229. What is the tens digit of z?
7
Suppose 104 - 376 = 4*j. Let y = j - -281. What is the hundreds digit of y?
2
Let m = 94 + -88. Let k be ((-1036)/m)/((-26)/39). Suppose -3*d + 521 = 2*o, 5*o - 438 = -4*d + k. What is the units digit of d?
3
Suppose 75 - 89 - 1474 = -48*o. Let h = -8 + 19. Let t = o + h. What is the tens digit of t?
4
Suppose 0 = 7*t - 2*t - 3*g - 3, 3*g = -t + 15. Suppose -4*m = -2*w - 1310, -14 + 5 = t*w. Let a = m - 139. What is the tens digit of a?
8
Let q(x) = 967*x - 10635. What is the ten thousands digit of q(49)?
3
Suppose -r - 5 = -2*g, -4*r - 5 = -3*g + 25. Suppose 5*w - 6*w + o = 1864, o = 3. What is the tens digit of (-2)/r - w/9?
0
Let j(z) = -3*z**2 - 24*z + 27. Let p be j(-9). Suppose -2*t + 18*v - 21*v + 1082 = p, 0 = 5*t - 2*v - 2705. What is the tens digit of t?
4
Let r = -23 + 30. Suppose -3*n - 1 = -r. Suppose 2*k + 5*f = 28, 0*k + n*f = k - 5. What is the units digit of k?
9
Let d(r) = -r**2 + 2*r + 5. Let i be d(-2). What is the tens digit of -2 - (2 - 94 - i)?
8
Let s be (1 - 6 - -10) + 100. Let w = 23 + s. What is the tens digit of w?
2
Let q(m) = -m**3 + 20*m**2 - 12*m - 20. Let d be 22/6*(-72)/(-12) - 3. What is the units digit of q(d)?
3
Suppose -6541 = 36*d - 39*d - 2*o, -6*d + 5*o + 13064 = 0. What is the units digit of d?
9
Let m = 96 + -86. Let f(c) = -c**2 + 15*c - 12. Let s be f(m). Suppose -43*o = -s*o - 990. What is the units digit of o?
8
Suppose 1 = -10*b + 101. Suppose b*m - 2523 = -313. What is the hundreds digit of m?
2
Let j(p) = 13*p - 198. Let h be j(21). Let k(q) = -3*q - 4. Let u be k(4). Let n = h + u. What is the units digit of n?
9
Suppose -2*k - 522 + 546 = 0. Let c(d) = -4*d + 108. What is the tens digit of c(k)?
6
Let p = 183249 + -117642. What is the tens digit of p?
0
Let b(i) be the second derivative of 5*i**3/2 + 55*i**2/2 + 11*i. What is the tens digit of b(10)?
0
Let s = 59 - 56. Suppose -4*b = -x - 497, -s*b + 2*x + 501 = 127. Suppose -8*y + b + 20 = 0. What is the units digit of y?
8
Suppose 0 = 2*p + d - 3, -4*p = -3*d - 2*d - 13. Suppose 4*x - 5*h = 67, 5*x = p*h + 85 + 3. Let c = x + 11. What is the tens digit of c?
2
Let i(n) be the third derivative of -n**6/120 + n**5/60 - n**4/3 - 26*n**3/3 - 29*n**2 + 2. What is the units digit of i(-4)?
0
Suppose 0*a - 4*a = -3*i + 11125, -2*i + 13915 = -5*a. Let n = -1414 - a. What is the hundreds digit of n?
3
Suppose 6308*m - 6294*m = 114156. What is the thousands digit of m?
8
Suppose -2364 = -13*u + 9*u. Suppose -16*d + u = 3*g - 14*d, -5*d - 591 = -3*g. What is the hundreds digit of g?
1
Suppose 4*s - 11240 = -5*t, -3*s + 6856 = -5*t - 1539. What is the thousands digit of s?
2
Suppose -18 = -2*m + 4*w, -5*m - 3*w = -0*w - 19. Suppose -m*b = 4*h - 1503, -3*b = -3*h - 8*b + 1131. Suppose -h = -2*p - 134. What is the units digit of p?
9
Let x be (-1 - 1)/(11 + -7 - 6). What is the tens digit of (1/(x/(-398)))/(8/(-16))?
9
Let w(v) = v**3 - 2*v**2 - v + 1. Let k be w(0). What is the units digit of (-3704)/(-5) - k/(-5)?
1
Let u = 37 + -17. Let z = -18 + u. Suppose 5*a - 56 = 3*a - 4*v, 0 = 4*a + z*v - 88. What is the tens digit of a?
2
Let v(z) = 1002*z**2 - 43*z - 167. What is the hundreds digit of v(-4)?
0
Let p(w) be the second derivative of w**4/4 - 125*w**3/6 + 10*w**2 + w + 8. What is the hundreds digit of p(-9)?
3
Suppose -4*t - 12 = -56. Suppose i = 39 - t. What is the tens digit of 0 - (-4 + 3 - i)?
2
What is the hundreds digit of (-36387)/(-45) + -7 - (-2)/((-40)/12)?
8
Suppose -i - 144 = 3*i. Let l = i - -35. What is the tens digit of 1/l - (-95)/1?
9
Let t(z) = -z**3 - 2*z**2 + z + 15. Let d be t(0). Suppose 7*a - 4*a - d = 0. What is the tens digit of a*-1*(21/(-15) + -1)?
1
Let a = -1976 + 11755. What is the thousands digit of a?
9
Suppose n + 4*x = 3*n - 16, 0 = -2*n - 2*x - 2. Suppose -16*w + 14*w = 4*c - 1154, -n*w - 10 = 0. What is the tens digit of c?
9
Let q(v) = -301*v - 198. What is the units digit of q(-17)?
9
Suppose -3*p + 73 = -77. Suppose 0 = -p*l + 54*l - 3308. What is the tens digit of l?
2
Suppose 45*n = 289310 - 102245. What is the thousands digit of n?
4
Suppose 3*o + 406 = 2*b, b = 3*o + 87 + 122. Let s = b + 265. What is the tens digit of s?
6
Let j(d) = 566*d**2 + 5*d + 3. Let s be j(-1). Let m = s + 1244. What is the hundreds digit of m?
8
Suppose 0 = -11*j - 21*j + 74048. Suppose j = 6*h - 380. What is the tens digit of h?
4
Let w(o) = -3*o + 80. Let s be w(0). Suppose 0 = 4*y - 4 + s. Let t = y - -141. What is the units digit of t?
2
Let w = -477 + -379. Let k = w + 313. Let j = -311 - k. What is the hundreds digit of j?
2
Let l = 450 + -275. Suppose -b + 3*q + 1010 = 0, -b + l = -q - 827. What is the tens digit of b?
9
Let a = 321 - 301. Suppose 8*d - 60 = -a. What is the units digit of d?
5
Suppose 4*h + 30471 = m, 0 = 4*m - 5*h + 73639 - 195446. What is the thousands digit of m?
0
Suppose 5*c = 4*t - 51, -2*c + c - 13 = 2*t. Let o(v) be the second derivative of -v**3 - 7*v**2/2 - 1070*v. What is the units digit of o(c)?
9
What is the thousands digit of (((-1980)/(-8))/33)/(-1*(-3)/15548)?
8
Suppose s - 180 = -g, -150 = -s - 3*g + 30. Suppose -3*r + 347 = 53. Let f = s - r. What is the tens digit of f?
8
Let v(s) = 50 + 52 - 5*s +